8.
11003706
Convert -128757 (base 9) to base 5.
-10003442
What is 44e8cd (base 16) in base 12?
1619551
Convert -143342134 (base 5) to base 7.
-6323032
306016 (base 10) to base 12
129114
What is -1242060 (base 7) in base 11?
-100455
-1467224 (base 8) to base 6
-13011300
Convert -1016083 (base 13) to base 4.
-102210220303
Convert -10def (base 16) to base 8.
-206757
What is 132010223 (base 7) in base 5?
4132120434
What is -46b204 (base 12) in base 6?
-40225204
Convert -522066 (base 8) to base 15.
-3645a
Convert -100111001210220 (base 3) to base 15.
-6985b3
Convert 200022022010 (base 3) to base 5.
43012340
240423322 (base 5) to base 15
16d442
What is 416ba (base 13) in base 10?
117608
Convert 11100110011111010010 (base 2) to base 6.
32122430
What is -44965 (base 11) in base 8?
-177030
Convert 2434014 (base 9) to base 11.
823007
Convert 71781 (base 11) to base 12.
50756
-11490858 (base 10) to base 8
-53653052
-3a200 (base 14) to base 2
-100010111011101000
What is -5302600 (base 7) in base 4?
-2130022132
-6102125 (base 8) to base 7
-16441243
What is -36907 (base 11) in base 5?
-3144010
What is 1210032103 (base 4) in base 3?
202212010021
Convert 32cc4 (base 13) to base 2.
10110100001101001
Convert 1421553255 (base 6) to base 5.
13431330203
What is -20366230 (base 7) in base 10?
-1714090
Convert -1345c (base 15) to base 2.
-1111000100101001
What is -21200221122001 (base 3) in base 11?
-23461aa
-a5a05 (base 12) to base 16
-35165
What is -10012011002 (base 3) in base 12?
-30418
-11455215 (base 6) to base 4
-1121030123
-37983 (base 14) to base 2
-100001010010001111
What is 14863914 (base 10) in base 13?
3105720
22358 (base 10) to base 3
1010200002
210223230232 (base 4) to base 7
144510331
What is -2321130220 (base 4) in base 7?
-6312361
1450d7 (base 14) to base 2
10101100001101110101
210200010111 (base 3) to base 6
13050451
-35471 (base 8) to base 2
-11101100111001
Convert 22260b (base 13) to base 5.
201231002
-a432 (base 16) to base 6
-522334
What is -100000001010010111000110 (base 2) in base 10?
-8431046
What is 5255153 (base 6) in base 10?
256461
Convert 12210110121210 (base 3) to base 5.
1242022444
759476 (base 12) to base 13
502515
-18603 (base 14) to base 8
-170153
What is 10110101011001 (base 2) in base 16?
2d59
Convert 1533051 (base 6) to base 3.
11120121011
612174 (base 8) to base 3
101020220000
8211708 (base 10) to base 13
19168cb
-1480a (base 15) to base 4
-100012033
What is -10030200 (base 4) in base 12?
-9b40
1568020 (base 12) to base 15
5b4523
Convert 6542170 (base 8) to base 10.
1754232
What is 3722 (base 16) in base 10?
14114
-73587c (base 15) to base 12
-1a06b30
-103313130 (base 6) to base 2
-111000010011010101110
283483 (base 12) to base 2
10100011011011100011
101001010101001 (base 2) to base 8
51251
-10111011111111111 (base 2) to base 6
-2021343
-52059 (base 10) to base 11
-36127
1203715 (base 11) to base 3
10221121121221
What is 28e0e (base 16) in base 4?
220320032
What is 3312323011 (base 4) in base 6?
33402221
34a3dd (base 14) to base 13
4ab257
What is -1840 (base 16) in base 7?
-24046
-12013012 (base 5) to base 4
-122330232
-596ab1 (base 12) to base 13
-3b68ab
Convert -1020300023 (base 4) to base 2.
-1001000110000001011
What is -12db (base 16) in base 11?
-3699
-22100200011011 (base 3) to base 14
-838ab3
Convert 486d2 (base 16) to base 15.
5cd73
4a995 (base 14) to base 10
182999
What is 6321541 (base 8) in base 15?
232ca0
What is -2121011001 (base 3) in base 13?
-1a37a
-2143639 (base 12) to base 13
-13cc041
What is 3b392 (base 12) in base 2?
10011111101011110
Convert 1000212221 (base 3) to base 11.
14301
What is 109278b (base 13) in base 8?
23324416
What is -112919 (base 11) in base 8?
-536407
-237303 (base 15) to base 13
-474621
What is -303403332 (base 5) in base 14?
-240c3b
Convert 122434033 (base 5) to base 9.
1103418
Convert 218c8 (base 13) to base 3.
10002110011
Convert -100000200221112 (base 3) to base 6.
-250451152
45b49 (base 13) to base 16
1f0ad
-4041203 (base 6) to base 8
-567143
Convert -1111020010201 (base 3) to base 15.
-109914
Convert 2165470 (base 9) to base 4.
10130200101
90213 (base 12) to base 6
4001223
Convert -51a83 (base 11) to base 14.
-1d8cd
Convert -270a1c (base 15) to base 9.
-3467510
What is -121122120220 (base 3) in base 12?
-139806
What is 1127054 (base 12) in base 2?
1100100010110110000000
What is -11003301121 (base 5) in base 2?
-101100111010110010111001
Convert -34320425 (base 6) to base 11.
-659850
What is -11956d (base 15) in base 4?
-3031132003
Convert 41851 (base 14) to base 16.
2695f
Convert 872421 (base 9) to base 8.
1767670
-6433 (base 7) to base 16
-8e6
7630074 (base 9) to base 11
2346a88
Convert 11212000011120 (base 3) to base 12.
a442b0
What is 10222112101 (base 3) in base 14?
207d5
33124134 (base 5) to base 3
112112112212
1070647 (base 10) to base 4
10011120313
463105 (base 10) to base 11
296a35
80087 (base 9) to base 13
1ac08
-101101001001111111100 (base 2) to base 5
-334322201
-151131 (base 10) to base 13
-53a36
722838 (base 9) to base 14
b22aa
1076995 (base 13) to base 10
5041561
What is 14ac0b (base 13) in base 9?
855862
-52566d (base 15) to base 6
-215535421
645471 (base 8) to base 16
34b39
Convert -1101320 (base 5) to base 15.
-5940
What is -d431a7 (base 15) in base 3?
-200222100212011
-200020022220 (base 3) to base 6
-11405340
b6747 (base 14) to base 6
13235123
7d0e (base 16) to base 2
111110100001110
What is 12514343 (base 6) in base 12?
17b9b3
Convert 515c0 (base 16) to base 13.
b88b6
441128 (base 10) to base 3
211102010002
1032111 (base 5) to base 8
42565
11021102021 (base 3) to base 2
10100100010101011
What is 1222402 (base 5) in base 8?
55665
What is 350210 (base 7) in base 8?
172103
1132302030 (base 4) to base 9
651503
What is 15eb3 (base 15) in base 5?
4231233
What is 1c21940 (base 13) in base 14?
1352d69
-201123030 (base 4) to base 6
-2533500
Convert -351550 (base 10) to base 2.
-1010101110100111110
Convert 3baaa (base 12) to base 14.
22254
-34155 (base 8) to base 5
-430240
Convert 155724 (base 10) to base 2.
100110000001001100
Convert -11121102011210 (base 3) to base 13.
-679824
What is -608344 (base 10) in base 6?
-21012224
204231332 (base 5) to base 15
11c712
-6792 (base 10) to base 8
-15210
What is -74c913 (base 13) in base 7?
-32204553
-125395 (base 14) to base 11
-39a715
What is -2331233 (base 11) in base 9?
-7585420
110010110001001010 (base 2) to base 6
4242414
-3a4141 (base 11) to base 15
-c826d
What is -235011 (base 10) in base 5?
-30010021
Convert 12200121110220 (base 3) to base 8.
13421227
Convert -434818 (base 12) to base 13.
-2b405a
What is -47b1a (base 14) in base 6?
-3430232
What is 3335145 (base 6) in base 9?
275812
What is -4af1c (base 16) in base 8?
-1127434
Convert 583b8 (base 14) to base 15.
4398c
Convert 3223111322 (base 4) to base 13.
2799bc
Convert 230332423 (base 5) to base 9.
1835085
1040334430 (base 5) to base 9
4251114
Convert 355544545 (base 6) to base 8.
31477021
-1362742 (base 8) to base 3
-201122012221
-622110 (base 9) to base 14
-98668
Convert 110100100111010101001 (base 2) to base 8.
6447251
545604 (base 9) to base 15
66734
What is a2454a (base 15) in base 13?
179c266
What is 1334574 (base 10) in base 15?
1b5669
111000000101000010 (base 2) to base 16
38142
2308242 (base 9) to base 16
13036d
Convert -11110010101111111 (base 2) to base 4.
-132111333
-1ac0 (base 16) to base 12
-3b68
-414514 (base 6) to base 16
-82ae
Convert -120333131331 (base 4) to base 7.
-106454232
1111001001011100110 (base 2) to base 9
835778
1111010001000000 (base 2) to base 10
62528
Convert -2702653 (base 8) to base 11.
-476369
Convert 21946 (base 12) to base 15.
d300
Convert -1161043 (base 7) to base 13.
-52c09
Convert 3111110311 (base 4) to base 2.
11010101010100110101
What is 2120211121201 (base 3) in base 5?
322441431
-210221444 (base 5) to base 16
-d3b34
Convert -1201100 (base 8) to base 14.
-878ac
What is 1010110001001000 (base 2) in base 12?
21634
What is -3135526 (base 7) in base 9?
-636721
What is 8b7399 (base 14) in base 4?
102012132023
What is -11132124 (base 5) in base 3?
-12000212010
Convert 278800 (base 11) to base 7.
3464510
2044277 (base 8) to base 10
542911
-111011100111101010101 (base 2) to base 12
-7a2699
317044 (base 10) to base 11
1a7222
What is -